e number?
False
Is 5594919053 a prime number?
True
Is 4272037507 prime?
True
Is 20148251831 prime?
True
Is 15781190099 a composite number?
False
Is 213742373 a prime number?
False
Is 348954413 a composite number?
True
Is 1491672799 composite?
True
Is 1092553513 a prime number?
True
Is 21769128427 prime?
True
Is 352201601 a composite number?
False
Is 70235873171 composite?
False
Is 309568507 a composite number?
True
Is 969361567 composite?
True
Is 9026267863 a prime number?
True
Is 2492216281 a composite number?
False
Is 3312650633 prime?
True
Is 1518041099 composite?
True
Is 122753761853 prime?
True
Is 16226887847 a composite number?
True
Is 8554501633 a composite number?
False
Is 4531935649 a composite number?
False
Is 708915703 a prime number?
True
Is 24935499349 composite?
True
Is 523875977 a prime number?
True
Is 4745846533 composite?
True
Is 162040453 a composite number?
False
Is 32057169769 prime?
True
Is 6349647813 composite?
True
Is 29601373391 prime?
False
Is 1701213587 composite?
False
Is 246236659 a prime number?
True
Is 1011311959 composite?
True
Is 6315985241 a prime number?
True
Is 20676594649 prime?
False
Is 150683148793 a composite number?
True
Is 18770861963 a composite number?
True
Is 367603157 a prime number?
True
Is 10946631851 composite?
True
Is 6475691381 composite?
False
Is 134112521 prime?
False
Is 17083329499 prime?
True
Is 8011213057 prime?
False
Is 5575670587 a prime number?
False
Is 1671021031 a composite number?
False
Is 4981208353 a prime number?
False
Is 7262670743 composite?
False
Is 1069879127 prime?
True
Is 54900613343 prime?
True
Is 87207207673 a composite number?
False
Is 35106516629 composite?
False
Is 31192487693 a composite number?
False
Is 827024945 a composite number?
True
Is 1059708613 a composite number?
True
Is 457594339 a composite number?
True
Is 9390848969 a composite number?
True
Is 13249317619 prime?
False
Is 7547398583 composite?
False
Is 512407349 a composite number?
False
Is 318876755 a prime number?
False
Is 31319518961 a composite number?
True
Is 988405097 a prime number?
True
Is 162673806401 composite?
False
Is 19705032007 a composite number?
False
Is 1607282057 composite?
False
Is 71389200721 a prime number?
True
Is 4372655603 a composite number?
True
Is 49715695619 a composite number?
True
Is 17456390673 a composite number?
True
Is 505293121 a composite number?
True
Is 275725819 composite?
False
Is 2685897457 a composite number?
False
Is 3849990259 composite?
True
Is 8457196931 a prime number?
True
Is 24788204087 a composite number?
False
Is 1472665861 a composite number?
True
Is 455128613 composite?
False
Is 2389419619 composite?
False
Is 19476759247 a composite number?
True
Is 103264402699 composite?
False
Is 43357664401 a composite number?
False
Is 963826943 a composite number?
False
Is 1608769321 composite?
False
Is 129379729 a prime number?
False
Is 116737889 prime?
False
Is 32272985193 composite?
True
Is 23300677 a prime number?
False
Is 2279955793 a composite number?
False
Is 2662194229 a composite number?
True
Is 12415583753 a composite number?
False
Is 22648270571 a prime number?
True
Is 828841345 a prime number?
False
Is 6877099249 composite?
False
Is 5261127161 a composite number?
False
Is 1405617179 prime?
False
Is 193667687 composite?
True
Is 52927597839 prime?
False
Is 9436001087 composite?
False
Is 17366164667 a prime number?
True
Is 15120292669 prime?
False
Is 1383678221 a composite number?
False
Is 115278563077 a composite number?
True
Is 211549517 composite?
True
Is 132647700721 prime?
True
Is 1625671261 a prime number?
True
Is 192278360233 composite?
False
Is 75578402881 composite?
True
Is 297479383 prime?
True
Is 2722777667 a prime number?
True
Is 72805223 composite?
False
Is 60474893 a prime number?
False
Is 39594478207 prime?
True
Is 27730303 a prime number?
False
Is 6896672263 a prime number?
False
Is 566946899 prime?
True
Is 1915722869 a prime number?
True
Is 940858247 a prime number?
False
Is 29489149 a composite number?
True
Is 461765441 a composite number?
True
Is 4107662467 a composite number?
False
Is 40812289907 a composite number?
False
Is 61254559061 a composite number?
False
Is 1025040319 prime?
True
Is 129484051735 a composite number?
True
Is 427405417 a prime number?
False
Is 526099051261 a composite number?
True
Is 239675636459 prime?
False
Is 21286353406 a prime number?
False
Is 7656117109 a prime number?
False
Is 4113687211 a composite number?
True
Is 999250591 a prime number?
False
Is 1052215673 composite?
True
Is 1006172669 a composite number?
False
Is 379585831 composite?
True
Is 2856934529 composite?
True
Is 25291727 prime?
False
Is 119902612631 prime?
False
Is 2185203093 a prime number?
False
Is 8439606881 a composite number?
False
Is 592869341 composite?
False
Is 1138353169 prime?
True
Is 88830061037 a prime number?
False
Is 6618394397 a prime number?
True
Is 400005743 prime?
True
Is 6994129951 prime?
False
Is 387399249371 a composite number?
True
Is 33082898731 a prime number?
False
Is 4038192553 a composite number?
False
Is 3689500511 composite?
True
Is 473426701 composite?
True
Is 31620058 a composite number?
True
Is 6922197103 a composite number?
True
Is 6266691427 prime?
False
Is 7394081521 prime?
True
Is 117773471219 a composite number?
False
Is 5753263597 a composite number?
False
Is 18666218999 composite?
False
Is 627801947 prime?
False
Is 14728654867 composite?
False
Is 147716207 a composite number?
False
Is 7326538439 composite?
True
Is 668558497 a composite number?
True
Is 32711409251 a prime number?
True
Is 1847192831 composite?
True
Is 964645735 composite?
True
Is 2377447613 prime?
True
Is 1736264219 a composite number?
False
Is 18111118159 a prime number?
True
Is 4832446829 prime?
False
Is 424461407 a composite number?
False
Is 51999709 a composite number?
True
Is 37678045549 composite?
False
Is 11630139967 composite?
False
Is 1258420729 a composite number?
False
Is 211906423 prime?
False
Is 17247454673 a composite number?
True
Is 3197241127 composite?
False
Is 651886507 a prime number?
False
Is 7827107901 composite?
True
Is 7746018263 a composite number?
True
Is 36522551101 prime?
False
Is 3764627 composite?
True
Is 23819491171 a prime number?
False
Is 39197633263 composite?
True
Is 189631313 composite?
False
Is 32592149 composite?
False
Is 1143036761 composite?
False
Is 4391600513 composite?
True
Is 12966545 a prime number?
False
Is 77558147 prime?
True
Is 20813336807 prime?
True
Is 102043833707 a composite number?
False
Is 4357261477 a composite number?
True
Is 683403883 prime?
True
Is 1008460091 composite?
False
Is 44911022313 composite?
True
Is 13214783947 a composite number?
False
Is 23031744927 a composite number?
True
Is 594102547 composite?
True
Is 2272554589 a prime number?
False
Is 1268473753 a composite number?
True
Is 13183209721 a composite number?
True
Is 72665377 a prime number?
False
Is 1401484193 a prime number?
True
Is 4752455129 composite?
True
Is 20487886579 a prime number?
True
Is 35164412639 composite?
False
Is 1529398697 a prime number?
True
Is 16906763941 a composite number?
False
Is 1036148989 composite?
True
Is 18224697263 a composite number?
False
Is 4480833257 a prime number?
False
Is 2024813291 composite?
False
Is 199856983 a prime number?
True
Is 2226164377 a composite number?
True
Is 9986972579 prime?
True
Is 95387292641 a prime number?
True
Is 5328394361 prime?
False
Is 54330343 prime?
True
Is 3030793 a prime number?
False
Is 66779487127 composite?
False
Is 6234731241 a composite number?
True
Is 719907973 a composite number?
False
Is 10521208661 a prime number?
False
Is 341622929 a composite number?
True
Is 6156493429 a prime number?
True
Is 3623204953 a composite number?
False
Is 17886087781 a composite number?
True
Is 1046984951 composite?
True
Is 20587072661 prime?
True
Is 354104099 prime?
False
Is 2341672357 prime?
False
Is 11345464411 composite?
False
Is 20036461 a composite number?
False
Is 715232065 a prime number?
False
Is 1167252409 a prime number?
False
Is 4314459679 prime?
True
Is 529313593 prime?
True
Is 6503455237 a prime number?
True
Is 357079357043 prime?
True
Is 1362144349 composite?
True
Is 2161262797 a composite number?
False
Is 39503179343 a composite number?
False
Is 299718